culate the remainder when 46841 is divided by 183.
176
What is the remainder when 16135 is divided by 163?
161
What is the remainder when 13478 is divided by 61?
58
What is the remainder when 1860 is divided by 858?
144
What is the remainder when 53293 is divided by 1354?
487
What is the remainder when 75688 is divided by 1994?
1910
What is the remainder when 1201966 is divided by 72?
70
Calculate the remainder when 66906 is divided by 23.
22
Calculate the remainder when 465 is divided by 74.
21
What is the remainder when 150782 is divided by 280?
142
Calculate the remainder when 46498 is divided by 69.
61
What is the remainder when 174246 is divided by 1210?
6
What is the remainder when 464877 is divided by 208?
205
What is the remainder when 2893 is divided by 313?
76
Calculate the remainder when 4245 is divided by 218.
103
Calculate the remainder when 816 is divided by 488.
328
What is the remainder when 4305 is divided by 287?
0
Calculate the remainder when 7200 is divided by 136.
128
Calculate the remainder when 1659626 is divided by 86.
84
What is the remainder when 225892 is divided by 22589?
2
Calculate the remainder when 82208 is divided by 86.
78
What is the remainder when 5860 is divided by 2914?
32
Calculate the remainder when 6390 is divided by 1527.
282
Calculate the remainder when 6783 is divided by 566.
557
What is the remainder when 3492 is divided by 70?
62
What is the remainder when 1607111 is divided by 298?
295
What is the remainder when 484 is divided by 15?
4
Calculate the remainder when 40846 is divided by 6768.
238
What is the remainder when 1217034 is divided by 19?
8
What is the remainder when 26325 is divided by 1081?
381
Calculate the remainder when 3031 is divided by 533.
366
What is the remainder when 3060 is divided by 153?
0
What is the remainder when 1811 is divided by 12?
11
What is the remainder when 190733 is divided by 917?
914
Calculate the remainder when 367 is divided by 183.
1
Calculate the remainder when 123318 is divided by 79.
78
Calculate the remainder when 40918 is divided by 216.
94
What is the remainder when 213096 is divided by 79?
33
Calculate the remainder when 8851 is divided by 1264.
3
What is the remainder when 1399 is divided by 358?
325
Calculate the remainder when 171517 is divided by 20.
17
Calculate the remainder when 41609 is divided by 181.
160
What is the remainder when 11638 is divided by 137?
130
What is the remainder when 6178 is divided by 478?
442
What is the remainder when 45939 is divided by 28?
19
Calculate the remainder when 22658 is divided by 553.
538
What is the remainder when 24569 is divided by 947?
894
What is the remainder when 28865 is divided by 9593?
86
What is the remainder when 90141 is divided by 149?
145
Calculate the remainder when 1962519 is divided by 19.
9
Calculate the remainder when 89097 is divided by 44536.
25
Calculate the remainder when 35265 is divided by 11616.
417
What is the remainder when 3087 is divided by 9?
0
What is the remainder when 4000 is divided by 174?
172
What is the remainder when 1498 is divided by 181?
50
Calculate the remainder when 17823 is divided by 2970.
3
What is the remainder when 81056 is divided by 193?
189
Calculate the remainder when 3981 is divided by 678.
591
What is the remainder when 515852 is divided by 74?
72
Calculate the remainder when 32384 is divided by 70.
44
Calculate the remainder when 9802582 is divided by 239.
236
What is the remainder when 452216 is divided by 839?
834
What is the remainder when 5517 is divided by 189?
36
Calculate the remainder when 3430 is divided by 172.
162
Calculate the remainder when 1037195 is divided by 50.
45
What is the remainder when 5244020 is divided by 602?
600
Calculate the remainder when 1378 is divided by 751.
627
Calculate the remainder when 18214 is divided by 243.
232
Calculate the remainder when 77519 is divided by 583.
563
What is the remainder when 61104 is divided by 20365?
9
What is the remainder when 4113 is divided by 379?
323
Calculate the remainder when 72859 is divided by 1457.
9
Calculate the remainder when 8865 is divided by 387.
351
Calculate the remainder when 14784 is divided by 147.
84
Calculate the remainder when 35130 is divided by 5018.
4
What is the remainder when 5032 is divided by 5021?
11
Calculate the remainder when 622 is divided by 467.
155
What is the remainder when 22639 is divided by 78?
19
What is the remainder when 1276968 is divided by 461?
459
Calculate the remainder when 1171135 is divided by 759.
757
What is the remainder when 90131 is divided by 42?
41
Calculate the remainder when 23741729 is divided by 13.
11
Calculate the remainder when 6288 is divided by 1292.
1120
What is the remainder when 4723 is divided by 942?
13
What is the remainder when 3746728 is divided by 53?
52
What is the remainder when 1436 is divided by 242?
226
What is the remainder when 212538 is divided by 66?
18
Calculate the remainder when 207 is divided by 167.
40
What is the remainder when 71101 is divided by 116?
109
What is the remainder when 182995 is divided by 138?
7
What is the remainder when 70336 is divided by 11?
2
Calculate the remainder when 21316 is divided by 26.
22
Calculate the remainder when 5369822 is divided by 354.
350
What is the remainder when 1676 is divided by 21?
17
Calculate the remainder when 24067 is divided by 227.
5
What is the remainder when 521258 is divided by 134?
132
What is the remainder when 23630 is divided by 493?
459
What is the remainder when 1697 is divided by 107?
92
What is the remainder when 25572 is divided by 188?
4
What is the remainder when 626562 is divided by 15?
12
What is the remainder when 563952 is divided by 74?
72
Calculate the remainder when 1999247 is divided by 250.
247
What is the remainder when 773206 is divided by 27614?
14
What is the remainder when 1747 is divided by 833?
81
What is the remainder when 2856 is divided by 345?
96
What is the remainder when 483 is divided by 98?
91
Calculate the remainder when 249662 is divided by 35666.
0
What is the remainder when 158280 is divided by 3597?
12
What is the remainder when 967250 is divided by 19?
17
What is the remainder when 1126088 is divided by 35?
33
What is the remainder when 5266 is divided by 378?
352
What is the remainder when 27990 is divided by 3108?
18
Calculate the remainder when 9823 is divided by 439.
165
What is the remainder when 173072 is divided by 175?
172
What is the remainder when 57929 is divided by 5?
4
What is the remainder when 67535 is divided by 16882?
7
What is the remainder when 2177 is divided by 386?
247
Calculate the remainder when 8155 is divided by 388.
7
What is the remainder when 1371 is divided by 19?
3
Calculate the remainder when 37553 is divided by 185.
183
What is the remainder when 12974 is divided by 99?
5
Calculate the remainder when 196783 is divided by 87.
76
What is the remainder when 2157 is divided by 534?
21
Calculate the remainder when 44024 is divided by 21991.
42
What is the remainder when 174824 is divided by 43699?
28
Calculate the remainder when 175710 is divided by 3514.
10
Calculate the remainder when 8284 is divided by 1778.
1172
What is the remainder when 20816 is divided by 1040?
16
What is the remainder when 5315 is divided by 172?
155
What is the remainder when 60935 is divided by 60908?
27
What is the remainder when 5283 is divided by 75?
33
Calculate the remainder when 20895 is divided by 1491.
21
What is the remainder when 331648 is divided by 119?
114
What is the remainder when 202226 is divided by 38?
28
Calculate the remainder when 31936 is divided by 33.
25
What is the remainder when 676 is divided by 64?
36
Calculate the remainder when 2256 is divided by 684.
204
What is the remainder when 42224 is divided by 10552?
16
Calculate the remainder when 4746 is divided by 40.
26
What is the remainder when 51615 is divided by 821?
713
What is the remainder when 142270 is divided by 36?
34
What is the remainder when 2626 is divided by 650?
26
What is the remainder when 1955 is divided by 512?
419
What is the remainder when 15403 is divided by 1711?
4
Calculate the remainder when 4000 is divided by 1100.
700
What is the remainder when 216010 is divided by 27001?
2
Calculate the rema